{"id":614,"date":"2023-06-27T17:38:22","date_gmt":"2023-06-27T22:38:22","guid":{"rendered":"https:\/\/romanotravels.com\/?page_id=614"},"modified":"2023-06-27T18:18:22","modified_gmt":"2023-06-27T23:18:22","slug":"cotiza","status":"publish","type":"page","link":"https:\/\/romanotravels.com\/?page_id=614","title":{"rendered":"cotiza"},"content":{"rendered":"\t\t<div data-elementor-type=\"wp-page\" data-elementor-id=\"614\" class=\"elementor elementor-614\" data-elementor-post-type=\"page\">\n\t\t\t\t<div class=\"elementor-element elementor-element-b5d9e5f e-con-full e-flex e-con e-parent\" data-id=\"b5d9e5f\" data-element_type=\"container\">\n\t\t\t\t<div class=\"elementor-element elementor-element-b7fe6a6 elementor-widget elementor-widget-heading\" data-id=\"b7fe6a6\" data-element_type=\"widget\" data-widget_type=\"heading.default\">\n\t\t\t\t<div class=\"elementor-widget-container\">\n\t\t\t<style>\/*! elementor - v3.23.0 - 05-08-2024 *\/\n.elementor-heading-title{padding:0;margin:0;line-height:1}.elementor-widget-heading .elementor-heading-title[class*=elementor-size-]>a{color:inherit;font-size:inherit;line-height:inherit}.elementor-widget-heading .elementor-heading-title.elementor-size-small{font-size:15px}.elementor-widget-heading .elementor-heading-title.elementor-size-medium{font-size:19px}.elementor-widget-heading .elementor-heading-title.elementor-size-large{font-size:29px}.elementor-widget-heading .elementor-heading-title.elementor-size-xl{font-size:39px}.elementor-widget-heading .elementor-heading-title.elementor-size-xxl{font-size:59px}<\/style><h2 class=\"elementor-heading-title elementor-size-default\">Cotiza nuestros servicios desde y hacia cualquier ciudad del mundo<\/h2>\t\t<\/div>\n\t\t\t\t<\/div>\n\t\t\t\t<div class=\"elementor-element elementor-element-3f36e63 elementor-widget elementor-widget-text-editor\" data-id=\"3f36e63\" data-element_type=\"widget\" data-widget_type=\"text-editor.default\">\n\t\t\t\t<div class=\"elementor-widget-container\">\n\t\t\t<style>\/*! elementor - v3.23.0 - 05-08-2024 *\/\n.elementor-widget-text-editor.elementor-drop-cap-view-stacked .elementor-drop-cap{background-color:#69727d;color:#fff}.elementor-widget-text-editor.elementor-drop-cap-view-framed .elementor-drop-cap{color:#69727d;border:3px solid;background-color:transparent}.elementor-widget-text-editor:not(.elementor-drop-cap-view-default) .elementor-drop-cap{margin-top:8px}.elementor-widget-text-editor:not(.elementor-drop-cap-view-default) .elementor-drop-cap-letter{width:1em;height:1em}.elementor-widget-text-editor .elementor-drop-cap{float:left;text-align:center;line-height:1;font-size:50px}.elementor-widget-text-editor .elementor-drop-cap-letter{display:inline-block}<\/style>\t\t\t\t<p><strong>\u00a1Gracias por visitar nuestra p\u00e1gina de cotizaciones!<\/strong> Si quieres una experiencia mas personalizada d\u00e9janos todos los detalles de tu pr\u00f3ximo viaje y nosotros nos encargamos del resto.<\/p>\t\t\t\t\t\t<\/div>\n\t\t\t\t<\/div>\n\t\t\t\t<\/div>\n\t\t<div class=\"elementor-element elementor-element-0271ddf e-con-full e-flex e-con e-parent\" data-id=\"0271ddf\" data-element_type=\"container\">\n\t\t<div class=\"elementor-element elementor-element-f7d0d21 e-con-full e-flex e-con e-parent\" data-id=\"f7d0d21\" data-element_type=\"container\">\n\t\t\t\t<div class=\"elementor-element elementor-element-44f9f6c elementor-widget elementor-widget-wpforms\" data-id=\"44f9f6c\" data-element_type=\"widget\" data-widget_type=\"wpforms.default\">\n\t\t\t\t<div class=\"elementor-widget-container\">\n\t\t\t<div class=\"wpforms-container wpforms-render-modern\" id=\"wpforms-646\"><form id=\"wpforms-form-646\" class=\"wpforms-validate wpforms-form wpforms-ajax-form\" data-formid=\"646\" method=\"post\" enctype=\"multipart\/form-data\" action=\"\/index.php?rest_route=%2Fwp%2Fv2%2Fpages%2F614\" data-token=\"7c5c11f4eaf215de1476152cc5487262\" data-token-time=\"1778073884\"><noscript class=\"wpforms-error-noscript\">Por favor, activa JavaScript en tu navegador para completar este formulario.<\/noscript><div id=\"wpforms-error-noscript\" style=\"display: none;\">Por favor, activa JavaScript en tu navegador para completar este formulario.<\/div><div class=\"wpforms-field-container\"><div id=\"wpforms-646-field_1-container\" class=\"wpforms-field wpforms-field-text\" data-field-id=\"1\"><label class=\"wpforms-field-label\" for=\"wpforms-646-field_1\">Nombre y Apellido <span class=\"wpforms-required-label\" aria-hidden=\"true\">*<\/span><\/label><input type=\"text\" id=\"wpforms-646-field_1\" class=\"wpforms-field-medium wpforms-field-required\" name=\"wpforms[fields][1]\" aria-errormessage=\"wpforms-646-field_1-error\" required><\/div><div id=\"wpforms-646-field_2-container\" class=\"wpforms-field wpforms-field-text\" data-field-id=\"2\"><label class=\"wpforms-field-label\" for=\"wpforms-646-field_2\">Ciudad de origen <span class=\"wpforms-required-label\" aria-hidden=\"true\">*<\/span><\/label><input type=\"text\" id=\"wpforms-646-field_2\" class=\"wpforms-field-medium wpforms-field-required\" name=\"wpforms[fields][2]\" aria-errormessage=\"wpforms-646-field_2-error\" required><\/div><div id=\"wpforms-646-field_3-container\" class=\"wpforms-field wpforms-field-text\" data-field-id=\"3\"><label class=\"wpforms-field-label\" for=\"wpforms-646-field_3\">Ciudad de destino <span class=\"wpforms-required-label\" aria-hidden=\"true\">*<\/span><\/label><input type=\"text\" id=\"wpforms-646-field_3\" class=\"wpforms-field-medium wpforms-field-required\" name=\"wpforms[fields][3]\" aria-errormessage=\"wpforms-646-field_3-error\" required><\/div><div id=\"wpforms-646-field_5-container\" class=\"wpforms-field wpforms-field-text\" data-field-id=\"5\"><label class=\"wpforms-field-label\" for=\"wpforms-646-field_5\">Whatsapp <span class=\"wpforms-required-label\" aria-hidden=\"true\">*<\/span><\/label><input type=\"text\" id=\"wpforms-646-field_5\" class=\"wpforms-field-medium wpforms-field-required\" name=\"wpforms[fields][5]\" aria-errormessage=\"wpforms-646-field_5-error\" required><\/div><div id=\"wpforms-646-field_8-container\" class=\"wpforms-field wpforms-field-checkbox\" data-field-id=\"8\"><fieldset><legend class=\"wpforms-field-label\">Casillas de verificaci\u00f3n <span class=\"wpforms-required-label\" aria-hidden=\"true\">*<\/span><\/legend><ul id=\"wpforms-646-field_8\" class=\"wpforms-field-required\"><li class=\"choice-1 depth-1\"><input type=\"checkbox\" id=\"wpforms-646-field_8_1\" name=\"wpforms[fields][8][]\" value=\"Boletos a\u00e9reos\" aria-errormessage=\"wpforms-646-field_8_1-error\" required ><label class=\"wpforms-field-label-inline\" for=\"wpforms-646-field_8_1\">Boletos a\u00e9reos<\/label><\/li><li class=\"choice-2 depth-1\"><input type=\"checkbox\" id=\"wpforms-646-field_8_2\" name=\"wpforms[fields][8][]\" value=\"Hospedaje\" aria-errormessage=\"wpforms-646-field_8_2-error\" required ><label class=\"wpforms-field-label-inline\" for=\"wpforms-646-field_8_2\">Hospedaje<\/label><\/li><li class=\"choice-3 depth-1\"><input type=\"checkbox\" id=\"wpforms-646-field_8_3\" name=\"wpforms[fields][8][]\" value=\"Seguro de viajes\" aria-errormessage=\"wpforms-646-field_8_3-error\" required ><label class=\"wpforms-field-label-inline\" for=\"wpforms-646-field_8_3\">Seguro de viajes<\/label><\/li><li class=\"choice-4 depth-1\"><input type=\"checkbox\" id=\"wpforms-646-field_8_4\" name=\"wpforms[fields][8][]\" value=\"Actividades\" aria-errormessage=\"wpforms-646-field_8_4-error\" required ><label class=\"wpforms-field-label-inline\" for=\"wpforms-646-field_8_4\">Actividades<\/label><\/li><li class=\"choice-5 depth-1\"><input type=\"checkbox\" id=\"wpforms-646-field_8_5\" name=\"wpforms[fields][8][]\" value=\"Paquetes\" aria-errormessage=\"wpforms-646-field_8_5-error\" required ><label class=\"wpforms-field-label-inline\" for=\"wpforms-646-field_8_5\">Paquetes<\/label><\/li><\/ul><\/fieldset><\/div><div id=\"wpforms-646-field_6-container\" class=\"wpforms-field wpforms-field-textarea\" data-field-id=\"6\"><label class=\"wpforms-field-label\" for=\"wpforms-646-field_6\">Detalles de tu viaje<\/label><textarea id=\"wpforms-646-field_6\" class=\"wpforms-field-medium\" name=\"wpforms[fields][6]\" aria-errormessage=\"wpforms-646-field_6-error\" ><\/textarea><\/div><\/div><!-- .wpforms-field-container --><div class=\"wpforms-submit-container\" ><input type=\"hidden\" name=\"wpforms[id]\" value=\"646\"><input type=\"hidden\" name=\"page_title\" value=\"\"><input type=\"hidden\" name=\"page_url\" value=\"https:\/\/romanotravels.com\/index.php?rest_route=\/wp\/v2\/pages\/614\"><input type=\"hidden\" name=\"url_referer\" value=\"\"><button type=\"submit\" name=\"wpforms[submit]\" id=\"wpforms-submit-646\" class=\"wpforms-submit\" data-alt-text=\"Enviando...\" data-submit-text=\"Enviar\" aria-live=\"assertive\" value=\"wpforms-submit\">Enviar<\/button><img decoding=\"async\" src=\"https:\/\/romanotravels.com\/wp-content\/plugins\/wpforms-lite\/assets\/images\/submit-spin.svg\" class=\"wpforms-submit-spinner\" style=\"display: none;\" width=\"26\" height=\"26\" alt=\"Cargando\"><\/div><\/form><\/div>  <!-- .wpforms-container -->\t\t<\/div>\n\t\t\t\t<\/div>\n\t\t\t\t<\/div>\n\t\t<div class=\"elementor-element elementor-element-e4e7162 e-con-full e-flex e-con e-parent\" data-id=\"e4e7162\" data-element_type=\"container\">\n\t\t\t\t<div class=\"elementor-element elementor-element-0530390 elementor-widget elementor-widget-image\" data-id=\"0530390\" data-element_type=\"widget\" data-widget_type=\"image.default\">\n\t\t\t\t<div class=\"elementor-widget-container\">\n\t\t\t<style>\/*! elementor - v3.23.0 - 05-08-2024 *\/\n.elementor-widget-image{text-align:center}.elementor-widget-image a{display:inline-block}.elementor-widget-image a img[src$=\".svg\"]{width:48px}.elementor-widget-image img{vertical-align:middle;display:inline-block}<\/style>\t\t\t\t\t\t\t\t\t\t<img fetchpriority=\"high\" decoding=\"async\" width=\"1080\" height=\"1920\" src=\"https:\/\/romanotravels.com\/wp-content\/uploads\/2023\/06\/cotizar.png\" class=\"attachment-full size-full wp-image-636\" alt=\"\" srcset=\"https:\/\/romanotravels.com\/wp-content\/uploads\/2023\/06\/cotizar.png 1080w, https:\/\/romanotravels.com\/wp-content\/uploads\/2023\/06\/cotizar-169x300.png 169w, https:\/\/romanotravels.com\/wp-content\/uploads\/2023\/06\/cotizar-576x1024.png 576w, https:\/\/romanotravels.com\/wp-content\/uploads\/2023\/06\/cotizar-768x1365.png 768w, https:\/\/romanotravels.com\/wp-content\/uploads\/2023\/06\/cotizar-864x1536.png 864w\" sizes=\"(max-width: 1080px) 100vw, 1080px\" \/>\t\t\t\t\t\t\t\t\t\t\t\t\t<\/div>\n\t\t\t\t<\/div>\n\t\t\t\t<\/div>\n\t\t\t\t<\/div>\n\t\t\t\t<\/div>\n\t\t","protected":false},"excerpt":{"rendered":"<p>Cotiza nuestros servicios desde y hacia cualquier ciudad del mundo \u00a1Gracias por visitar nuestra p\u00e1gina de cotizaciones! Si quieres una experiencia mas personalizada d\u00e9janos todos los detalles de tu pr\u00f3ximo viaje y nosotros nos encargamos del resto.<\/p>\n","protected":false},"author":1,"featured_media":0,"parent":0,"menu_order":0,"comment_status":"closed","ping_status":"closed","template":"elementor_header_footer","meta":{"_joinchat":[]},"blocksy_meta":[],"_links":{"self":[{"href":"https:\/\/romanotravels.com\/index.php?rest_route=\/wp\/v2\/pages\/614"}],"collection":[{"href":"https:\/\/romanotravels.com\/index.php?rest_route=\/wp\/v2\/pages"}],"about":[{"href":"https:\/\/romanotravels.com\/index.php?rest_route=\/wp\/v2\/types\/page"}],"author":[{"embeddable":true,"href":"https:\/\/romanotravels.com\/index.php?rest_route=\/wp\/v2\/users\/1"}],"replies":[{"embeddable":true,"href":"https:\/\/romanotravels.com\/index.php?rest_route=%2Fwp%2Fv2%2Fcomments&post=614"}],"version-history":[{"count":31,"href":"https:\/\/romanotravels.com\/index.php?rest_route=\/wp\/v2\/pages\/614\/revisions"}],"predecessor-version":[{"id":659,"href":"https:\/\/romanotravels.com\/index.php?rest_route=\/wp\/v2\/pages\/614\/revisions\/659"}],"wp:attachment":[{"href":"https:\/\/romanotravels.com\/index.php?rest_route=%2Fwp%2Fv2%2Fmedia&parent=614"}],"curies":[{"name":"wp","href":"https:\/\/api.w.org\/{rel}","templated":true}]}}